{"id":143,"date":"2024-09-25T11:28:44","date_gmt":"2024-09-25T11:28:44","guid":{"rendered":"https:\/\/bi-ge.ch\/?page_id=143"},"modified":"2024-09-25T11:28:44","modified_gmt":"2024-09-25T11:28:44","slug":"mehrfarbiger-druck","status":"publish","type":"page","link":"https:\/\/bi-ge.ch\/index.php\/mehrfarbiger-druck\/","title":{"rendered":"Mehrfarbiger Druck"},"content":{"rendered":"\n<p>Um einen mehrfarbigen Druck herzustellen, brauchst Du pro Farbe eine eigene Druckplatte. Es ist wichtig, dass Du pr\u00e4zis arbeitest, damit die Farben perfekt ineinander greifen.<\/p>\n\n\n\n<p>Am besten skizzierst Du zuerst genau, wie Dein Bild aussehen soll. Dann \u00fcbertr\u00e4gst Du (m\u00f6glichst genau) die Skizze auf die Druckplatten. Im Anschluss schnitzt Du je das weg, das Du nicht brauchst. Pro Farbe gibt es einen eigenen Durchgang.<\/p>\n\n\n\n<figure class=\"wp-block-image size-large\"><img loading=\"lazy\" decoding=\"async\" width=\"768\" height=\"1024\" src=\"https:\/\/bi-ge.ch\/wp-content\/uploads\/2024\/09\/IMG_1770-768x1024.jpeg\" alt=\"\" class=\"wp-image-144\" srcset=\"https:\/\/bi-ge.ch\/wp-content\/uploads\/2024\/09\/IMG_1770-768x1024.jpeg 768w, https:\/\/bi-ge.ch\/wp-content\/uploads\/2024\/09\/IMG_1770-225x300.jpeg 225w, https:\/\/bi-ge.ch\/wp-content\/uploads\/2024\/09\/IMG_1770-1152x1536.jpeg 1152w, https:\/\/bi-ge.ch\/wp-content\/uploads\/2024\/09\/IMG_1770-1536x2048.jpeg 1536w, https:\/\/bi-ge.ch\/wp-content\/uploads\/2024\/09\/IMG_1770-1568x2091.jpeg 1568w, https:\/\/bi-ge.ch\/wp-content\/uploads\/2024\/09\/IMG_1770-scaled.jpeg 1920w\" sizes=\"auto, (max-width: 768px) 100vw, 768px\" \/><\/figure>\n","protected":false},"excerpt":{"rendered":"<p>Um einen mehrfarbigen Druck herzustellen, brauchst Du pro Farbe eine eigene Druckplatte. Es ist wichtig, dass Du pr\u00e4zis arbeitest, damit die Farben perfekt ineinander greifen. Am besten skizzierst Du zuerst genau, wie Dein Bild aussehen soll. Dann \u00fcbertr\u00e4gst Du (m\u00f6glichst genau) die Skizze auf die Druckplatten. Im Anschluss schnitzt Du je das weg, das Du&hellip; <a class=\"more-link\" href=\"https:\/\/bi-ge.ch\/index.php\/mehrfarbiger-druck\/\"><span class=\"screen-reader-text\">Mehrfarbiger Druck<\/span> weiterlesen<\/a><\/p>\n","protected":false},"author":1,"featured_media":0,"parent":0,"menu_order":0,"comment_status":"closed","ping_status":"closed","template":"","meta":{"footnotes":""},"class_list":["post-143","page","type-page","status-publish","hentry","entry"],"_links":{"self":[{"href":"https:\/\/bi-ge.ch\/index.php\/wp-json\/wp\/v2\/pages\/143","targetHints":{"allow":["GET"]}}],"collection":[{"href":"https:\/\/bi-ge.ch\/index.php\/wp-json\/wp\/v2\/pages"}],"about":[{"href":"https:\/\/bi-ge.ch\/index.php\/wp-json\/wp\/v2\/types\/page"}],"author":[{"embeddable":true,"href":"https:\/\/bi-ge.ch\/index.php\/wp-json\/wp\/v2\/users\/1"}],"replies":[{"embeddable":true,"href":"https:\/\/bi-ge.ch\/index.php\/wp-json\/wp\/v2\/comments?post=143"}],"version-history":[{"count":1,"href":"https:\/\/bi-ge.ch\/index.php\/wp-json\/wp\/v2\/pages\/143\/revisions"}],"predecessor-version":[{"id":145,"href":"https:\/\/bi-ge.ch\/index.php\/wp-json\/wp\/v2\/pages\/143\/revisions\/145"}],"wp:attachment":[{"href":"https:\/\/bi-ge.ch\/index.php\/wp-json\/wp\/v2\/media?parent=143"}],"curies":[{"name":"wp","href":"https:\/\/api.w.org\/{rel}","templated":true}]}}